{"id":297,"date":"2016-09-15T10:30:56","date_gmt":"2016-09-15T08:30:56","guid":{"rendered":"http:\/\/www.eittinger.com\/cms\/?page_id=297"},"modified":"2026-03-25T14:48:34","modified_gmt":"2026-03-25T13:48:34","slug":"gaststaetten-verein","status":"publish","type":"page","link":"https:\/\/www.eittinger.de\/index.php\/gaststaetten-verein\/","title":{"rendered":"Wo gibt\u2019s uns"},"content":{"rendered":"<div id=\"pl-297\"  class=\"panel-layout\" ><div id=\"pg-297-0\"  class=\"panel-grid panel-no-style\" ><div id=\"pgc-297-0-0\"  class=\"panel-grid-cell\" ><div id=\"panel-297-0-0-0\" class=\"so-panel widget widget_sow-editor panel-first-child panel-last-child\" data-index=\"0\" ><div\n\t\t\t\n\t\t\tclass=\"so-widget-sow-editor so-widget-sow-editor-base\"\n\t\t\t\n\t\t>\n<div class=\"siteorigin-widget-tinymce textwidget\">\n\t<h1 style=\"text-align: center;\">Wo gibt\u2019s uns?<\/h1>\n<\/div>\n<\/div><\/div><\/div><\/div><div id=\"pg-297-1\"  class=\"panel-grid panel-no-style\" ><div id=\"pgc-297-1-0\"  class=\"panel-grid-cell\" ><div id=\"panel-297-1-0-0\" class=\"so-panel widget widget_sow-editor panel-first-child panel-last-child\" data-index=\"1\" ><div\n\t\t\t\n\t\t\tclass=\"so-widget-sow-editor so-widget-sow-editor-base\"\n\t\t\t\n\t\t>\n<div class=\"siteorigin-widget-tinymce textwidget\">\n\t<h3>Gastst\u00e4tten<\/h3>\n<p>Gasthaus zur Post<br \/>\nSt.-Georg-Stra\u00dfe 4<br \/>\n85462 Eitting<br \/>\n<a href=\"http:\/\/www.hotel-postwirt.com\" target=\"_blank\" rel=\"noopener\">www.hotel-postwirt.com<\/a><\/p>\n<p>Gasthaus Strasserwirt<br \/>\nObere Hauptstra\u00dfe 2<br \/>\n85462 Eitting<br \/>\n<a href=\"http:\/\/www.gasthaus-strasserwirt.de\" target=\"_blank\" rel=\"noopener\">http:\/\/www.gasthaus-strasserwirt.de<\/a><\/p>\n<p>Landgasthof Alter Wirt<br \/>\nEittinger Str. 10<br \/>\n85462 Eitting (Gaden)<br \/>\n<a href=\"http:\/\/www.alterwirt-gaden.de\/index01.htm\" target=\"_blank\" rel=\"noopener\">http:\/\/www.alterwirt-gaden.de\/index01.htm<\/a><\/p>\n<p>Feierwerk<br \/>\nHansastra\u00dfe 39<br \/>\n81373 M\u00fcnchen<br \/>\n<a href=\"http:\/\/www.feierwerk.de\" target=\"_blank\" rel=\"noopener\">http:\/\/www.feierwerk.de<\/a><\/p>\n<h3>Vereine<\/h3>\n<p>FC Eitting<br \/>\n<a href=\"http:\/\/www.fceitting.de\" target=\"_blank\" rel=\"noopener\">http:\/\/www.fceitting.de<\/a><\/p>\n<p>FFW Eitting<br \/>\n<a href=\"http:\/\/www.feuerwehr-eitting.de\" target=\"_blank\" rel=\"noopener\">http:\/\/www.feuerwehr-eitting.de<\/a><\/p>\n<p>Sch\u00fctzengesellschaft Concordia Eitting<br \/>\n<a href=\"http:\/\/www.concordia-eitting.de\" target=\"_blank\" rel=\"noopener\">http:\/\/www.concordia-eitting.de<\/a><\/p>\n<p>SpVgg Eichenkofen<br \/>\n<a href=\"http:\/\/www.eichenkofen.de\/spvgg\/\" target=\"_blank\" rel=\"noopener\">http:\/\/www.eichenkofen.de\/spvgg\/<\/a><\/p>\n<p>Tennisfreunde Eitting<br \/>\n<a href=\"https:\/\/www.facebook.com\/tfeitting\/\" target=\"_blank\" rel=\"noopener\">https:\/\/www.facebook.com\/tfeitting\/<\/a><\/p>\n<p>Fischerfreunde Eitting<br \/>\n<a href=\"http:\/\/www.fischerfreunde-eitting.de\" target=\"_blank\" rel=\"noopener\">http:\/\/www.fischerfreunde-eitting.de<\/a><\/p>\n<p>Stopslclub Eitting + Reisen<\/p>\n<p>Sch\u00fctzen Gem\u00fctlichkeit Gaden<\/p>\n<p>FFW Gaden<\/p>\n<p>FFW Eittingermoos<\/p>\n<\/div>\n<\/div><\/div><\/div><div id=\"pgc-297-1-1\"  class=\"panel-grid-cell\" ><div id=\"panel-297-1-1-0\" class=\"so-panel widget widget_sow-image panel-first-child\" data-index=\"2\" ><div\n\t\t\t\n\t\t\tclass=\"so-widget-sow-image so-widget-sow-image-default-dbf295114b96-297\"\n\t\t\t\n\t\t>\n<div class=\"sow-image-container\">\n\t\t<img loading=\"lazy\" decoding=\"async\" src=\"https:\/\/www.eittinger.de\/cms\/wp-content\/uploads\/2017\/08\/DSC_5172.jpg\" width=\"526\" height=\"351\" srcset=\"https:\/\/www.eittinger.de\/cms\/wp-content\/uploads\/2017\/08\/DSC_5172.jpg 526w, https:\/\/www.eittinger.de\/cms\/wp-content\/uploads\/2017\/08\/DSC_5172-300x200.jpg 300w, https:\/\/www.eittinger.de\/cms\/wp-content\/uploads\/2017\/08\/DSC_5172-272x182.jpg 272w\" sizes=\"auto, (max-width: 526px) 100vw, 526px\" alt=\"\" \t\tclass=\"so-widget-image\"\/>\n\t<\/div>\n\n<\/div><\/div><div id=\"panel-297-1-1-1\" class=\"so-panel widget widget_sow-image panel-last-child\" data-index=\"3\" ><div\n\t\t\t\n\t\t\tclass=\"so-widget-sow-image so-widget-sow-image-default-dbf295114b96-297\"\n\t\t\t\n\t\t>\n<div class=\"sow-image-container\">\n\t\t<img loading=\"lazy\" decoding=\"async\" src=\"https:\/\/www.eittinger.de\/cms\/wp-content\/uploads\/2016\/09\/Eittinger_Fischerbraeu_Bier_Inhalt_Getraenke_3_526x358.jpg\" width=\"526\" height=\"358\" srcset=\"https:\/\/www.eittinger.de\/cms\/wp-content\/uploads\/2016\/09\/Eittinger_Fischerbraeu_Bier_Inhalt_Getraenke_3_526x358.jpg 526w, https:\/\/www.eittinger.de\/cms\/wp-content\/uploads\/2016\/09\/Eittinger_Fischerbraeu_Bier_Inhalt_Getraenke_3_526x358-300x204.jpg 300w\" sizes=\"auto, (max-width: 526px) 100vw, 526px\" title=\"eittinger_fischerbraeu_bier_inhalt_getraenke_3_526x358\" alt=\"\" \t\tclass=\"so-widget-image\"\/>\n\t<\/div>\n\n<\/div><\/div><\/div><\/div><div id=\"pg-297-2\"  class=\"panel-grid panel-no-style\" ><div id=\"pgc-297-2-0\"  class=\"panel-grid-cell\" ><div id=\"panel-297-2-0-0\" class=\"so-panel widget widget_sow-editor panel-first-child panel-last-child\" data-index=\"4\" ><div\n\t\t\t\n\t\t\tclass=\"so-widget-sow-editor so-widget-sow-editor-base\"\n\t\t\t\n\t\t>\n<div class=\"siteorigin-widget-tinymce textwidget\">\n\t<h3>Getr\u00e4nkem\u00e4rkte Bier und Frucade<\/h3>\n<p>K&amp;F Getr\u00e4nkefachhandel GmbH<br \/>\nLudwigstr. 11<br \/>\n85399 Hallbergmoos<\/p>\n<p>K&amp;F Getr\u00e4nkefachhandel GmbH<br \/>\nFreisinger Str. 30a<br \/>\n85399 Hallbergmoos<\/p>\n<p>Getr\u00e4nke Roth GmbH<br \/>\nErlenweg 18<br \/>\n85452 Eichenried<\/p>\n<p>Hirschmann Getr\u00e4nke GmbH<br \/>\nSonnenstr. 20<br \/>\n85356 Freising<\/p>\n<p>Getr\u00e4nkemarkt Josef Zimmermann<br \/>\nBirkenallee 35<br \/>\n82048 Pullach<\/p>\n<p>Getr\u00e4nkequelle Freising GmbH<br \/>\nErdinger Str. 104<br \/>\n85356 Freising<\/p>\n<p>J\u00fcrgen Appel<br \/>\nGetr\u00e4nke e. K.<br \/>\nDegernpoint E 1<br \/>\n85368 Moosburg<\/p>\n<p>HIT-Markt<br \/>\nGetr\u00e4nkemarkt<br \/>\nRudolf-Diesel-Str. 2<br \/>\n85435 Erding<\/p>\n<p>Getr\u00e4nke Center Erding GmbH<br \/>\nHabererweg 4<br \/>\n85570 Markt Schwaben<\/p>\n<p>Getr\u00e4nke Fleischmann<br \/>\nJosef Neumayer Landshut KG<br \/>\nStrogenstr. 41<br \/>\n85456 Wartenberg<\/p>\n<p>Getr\u00e4nke Fleischmann<br \/>\nJosef Neumayer Landshut KG<br \/>\nLandshuter Str. 23<br \/>\n85356 Freising<\/p>\n<p>Getr\u00e4nke Fleischmann<br \/>\nJosef Neumayer Landshut KG<br \/>\nGro\u00dfer Anger 4<br \/>\n85416 Langenbach<\/p>\n<p>EDEKA Markt Steinmeier<br \/>\nStrogenstr. 67<br \/>\n85456 Wartenberg<\/p>\n<p>Getr\u00e4nke World Marko Spirkl<br \/>\nGetr\u00e4nkemarkt<br \/>\nFreisinger Str. 16<br \/>\n85459 Berglern<\/p>\n<p>Manfred Kressierer<br \/>\n\"WIESERBR\u00c4U\"<br \/>\nR\u00f6merstr. 9<br \/>\n85445 Oberding<\/p>\n<p>Getr\u00e4nke Taschner GmbH<br \/>\nW\u00f6lfingerstr. 5<br \/>\n85395 Wolfersdorf<\/p>\n<p>G\u00fcnters Getr\u00e4nkestadl<br \/>\nG\u00fcnter Gallenberger<br \/>\nGr\u00fcnbacher Str. 29<br \/>\n85452 Eichenried<\/p>\n<p>Josef Bauer<br \/>\nBierdepot<br \/>\nSonnenstr. 25<br \/>\n85452 Moosinning<\/p>\n<p>Martin Ludwig<br \/>\nGetr\u00e4nkemarkt<br \/>\nSchulweg 2<br \/>\n85417 Marzling<\/p>\n<p>Getr\u00e4nke Pitz<br \/>\nPitz 1<br \/>\n85656 Buch am Buchrain<\/p>\n<p>Reimund Benker<br \/>\nGetr\u00e4nkeservice<br \/>\nSt. Margarethen 103<br \/>\n6200 Buch bei Jenbach \/ \u00d6sterreich<br \/>\nTel.: 0043-676-6039504<\/p>\n<p>Stefan Klein<br \/>\nK- Getr\u00e4nkem\u00e4rkte<br \/>\nHauptstr. 1<br \/>\n82223 Eichenau<\/p>\n<p>Stefan Klein<br \/>\nK- Getr\u00e4nkem\u00e4rkte<br \/>\nGadastr. 7a<br \/>\n85232 Bergkirchen-Gada<\/p>\n<p>Stefan Klein<br \/>\nK- Getr\u00e4nkem\u00e4rkte<br \/>\nAngerstr. 55<br \/>\n86842 T\u00fcrkheim<\/p>\n<p>Stefan Klein<br \/>\nK- Getr\u00e4nkem\u00e4rkte<br \/>\nUntere Dorfstr. 15<br \/>\n82269 Geltendorf<\/p>\n<p>Kurt Winkelmeier<br \/>\nGetr\u00e4nkemarkt<br \/>\nMoosburger Str. 49<br \/>\n85406 Zolling<\/p>\n<p>Getr\u00e4nkemarkt Hecher<br \/>\nHauptstra\u00dfe 15<br \/>\n85376 Giggenhausen<\/p>\n<p>Getr\u00e4nke Weichmann GmbH<br \/>\nKirchtruderinger Stra\u00dfe 6<br \/>\n81829 M\u00fcnchen<\/p>\n<p>Isarquelle<br \/>\nGetr\u00e4nkemarkt<br \/>\nOhlm\u00fcllerstr. 2<br \/>\n81541 M\u00fcnchen<\/p>\n<p>Getr\u00e4nke Steinberger<br \/>\nR\u00f6merstr.10<br \/>\n85414 Kirchdorf a.d. Amper<\/p>\n<h3>Getr\u00e4nkem\u00e4rkte Bier<\/h3>\n<p><strong>Regionen Erding<\/strong><\/p>\n<p>Getr\u00e4nke City XXL Hofmeier &amp; Furtmayr GbR<br \/>\nAm Wasserturm 2<br \/>\n85435 Erding<\/p>\n<p>Anderl Getr\u00e4nke<br \/>\nAnton-Huber-Str. 1<br \/>\n85435 Erding<\/p>\n<p>Orterer Getr\u00e4nke-M\u00e4rkte GmbH<br \/>\nBerghamer Str. 9<br \/>\n85435 Erding<\/p>\n<p>Rewe-Markt<br \/>\nRennweg 41<br \/>\n85435 Erding<\/p>\n<p>Rewe-Markt<br \/>\nEinfangstr. 6<br \/>\n85452 Moosinning<\/p>\n<p>Getr\u00e4nke Sterr<br \/>\nOststra\u00dfe 10<br \/>\n84416 Moosen\/Vils<\/p>\n<p><strong>Raum Freising<\/strong><\/p>\n<p>Getr\u00e4nkemarkt Schichler, Inh. Ott<br \/>\nMoosstr. 43<br \/>\n85368 Pfrombach Aich<\/p>\n<p><strong>Raum M\u00fcnchen<\/strong><\/p>\n<p>Liebick Getr\u00e4nke<br \/>\nSt.-C\u00e4cilia-Str. 14<br \/>\n82110 Germering<\/p>\n<p>Getr\u00e4nkecenter Schwabing, Christian Brunhuber<br \/>\nAckermannstr. 18<br \/>\n80797 M\u00fcnchen<\/p>\n<p>Getr\u00e4nke Schwarz<br \/>\nFallmerayerstr. 6<br \/>\n80796 M\u00fcnchen<\/p>\n<p>&nbsp;<\/p>\n<h3>Getr\u00e4nkem\u00e4rkte Frucade<\/h3>\n<p>Getr\u00e4nke Greiner<br \/>\nGr\u00fcnaustr. 3<br \/>\n86825 Bad W\u00f6rishofen<\/p>\n<p>Getr\u00e4nke Bauer oHG<br \/>\nZiegeleistr. 6<br \/>\n86899 Landsberg am Lech<\/p>\n<p>Getr\u00e4nke Bauer oHG<br \/>\nWaldheimer Str. 7<br \/>\n86899 Landsberg am Lech<\/p>\n<p>Getr\u00e4nke Bauer oHG<br \/>\nSonnenstr. 11<br \/>\n86931 Prittriching<\/p>\n<p>Getr\u00e4nke Hau\u00dfmann<br \/>\nAschheimer Str. 11<br \/>\n85622 Feldkirchen<\/p>\n<p>Edeka-Markt Westerfeld<br \/>\nMoosburger Str. 25<br \/>\n85406 Zolling<\/p>\n<p>Getr\u00e4nkemarkt Hammerl<br \/>\nHauptstr. 8<br \/>\n85411 Hohenkammer<\/p>\n<p>Hubert`s Getr\u00e4nkeladen<br \/>\nInh. Hubert Lindinger<br \/>\nHuber-Anger 21<br \/>\n85232 Lauterbach<\/p>\n<p>Siegfried Anneser Getr\u00e4nkemarkt<br \/>\nMainburger Str. 32<br \/>\n84104 Tegernbach<\/p>\n<p>Getr\u00e4nke Mayer<br \/>\nHochstr. 59a<br \/>\n85395 Unterhaindlfing<\/p>\n<p>Schlo\u00dfbrauerei Kaltenberg, K\u00f6nig Ludwig GmbH &amp; Co. KG<br \/>\nAugsburger Str. 41<br \/>\n82256 F\u00fcrstenfeldbruck<\/p>\n<p>Getr\u00e4nke Silbernagl eK<br \/>\nBrentenstr. 7 b<br \/>\n83734 Hausham<\/p>\n<p>Getr\u00e4nke Voglrieder GmbH<br \/>\nBogenhauserstr. 8<br \/>\n85638 H\u00f6henkirchen-Siegertsbrunn<\/p>\n<p>Helmut Billeriss<br \/>\nGetr\u00e4nkevertrieb<br \/>\nHauptstr. 83<br \/>\n82008 Unterhaching<\/p>\n<p>Getr\u00e4nke Singh<br \/>\nHeimdienst<br \/>\nDachauer Str. 180<br \/>\n80992 M\u00fcnchen<\/p>\n<p>Getr\u00e4nke Service Tremmel Further<br \/>\nBahnhofstr. 11<br \/>\n82041 Oberhaching<\/p>\n<p>Sch\u00f6n Getr\u00e4nke GmbH<br \/>\nIckelsamerstr. 38<br \/>\n81825 M\u00fcnchen<\/p>\n<p>Rewe Nandlstadt<br \/>\nSuat \u00d6zbey oHG<br \/>\nMainburger Str. 27<br \/>\n85405 Nandlstadt<\/p>\n<p>Getr\u00e4nke Fleischmann<br \/>\nJosef Neumayer Landshut KG<br \/>\nRegensburger Str. 62<br \/>\n84048 Mainburg<\/p>\n<p>Getr\u00e4nkemarkt<br \/>\nKovacevic, Zoran<br \/>\nHohenzollernplatz 5<br \/>\n80796 M\u00fcnchen<\/p>\n<\/div>\n<\/div><\/div><\/div><\/div><div id=\"pg-297-3\"  class=\"panel-grid panel-no-style\" ><div id=\"pgc-297-3-0\"  class=\"panel-grid-cell\" ><div id=\"panel-297-3-0-0\" class=\"so-panel widget widget_spacer-ma panel-first-child panel-last-child\" data-index=\"5\" ><div\n\t\t\t\n\t\t\tclass=\"so-widget-spacer-ma so-widget-spacer-ma-spacer-ma-style-8cdf73553d86-297\"\n\t\t\t\n\t\t><hr class=\"spacer-ma\"  \/>\n<\/div><\/div><\/div><\/div><\/div>","protected":false},"excerpt":{"rendered":"<p>Wo gibt\u2019s uns? Gastst\u00e4tten Gasthaus zur Post St.-Georg-Stra\u00dfe 4 85462 Eitting www.hotel-postwirt.com Gasthaus Strasserwirt Obere Hauptstra\u00dfe 2 85462 Eitting http:\/\/www.gasthaus-strasserwirt.de Landgasthof Alter Wirt Eittinger Str. 10 85462 Eitting (Gaden) http:\/\/www.alterwirt-gaden.de\/index01.htm Feierwerk Hansastra\u00dfe 39 81373 M\u00fcnchen http:\/\/www.feierwerk.de Vereine FC Eitting http:\/\/www.fceitting.de FFW Eitting http:\/\/www.feuerwehr-eitting.de Sch\u00fctzengesellschaft Concordia Eitting http:\/\/www.concordia-eitting.de SpVgg Eichenkofen http:\/\/www.eichenkofen.de\/spvgg\/ Tennisfreunde Eitting https:\/\/www.facebook.com\/tfeitting\/ Fischerfreunde Eitting &hellip; <a href=\"https:\/\/www.eittinger.de\/index.php\/gaststaetten-verein\/\" class=\"more-link\">Continue reading<span class=\"screen-reader-text\"> &#8222;Wo gibt\u2019s uns&#8220;<\/span><\/a><\/p>\n","protected":false},"author":6,"featured_media":0,"parent":0,"menu_order":0,"comment_status":"closed","ping_status":"closed","template":"","meta":{"footnotes":""},"class_list":["post-297","page","type-page","status-publish","hentry","layout-standard"],"_links":{"self":[{"href":"https:\/\/www.eittinger.de\/index.php\/wp-json\/wp\/v2\/pages\/297","targetHints":{"allow":["GET"]}}],"collection":[{"href":"https:\/\/www.eittinger.de\/index.php\/wp-json\/wp\/v2\/pages"}],"about":[{"href":"https:\/\/www.eittinger.de\/index.php\/wp-json\/wp\/v2\/types\/page"}],"author":[{"embeddable":true,"href":"https:\/\/www.eittinger.de\/index.php\/wp-json\/wp\/v2\/users\/6"}],"replies":[{"embeddable":true,"href":"https:\/\/www.eittinger.de\/index.php\/wp-json\/wp\/v2\/comments?post=297"}],"version-history":[{"count":40,"href":"https:\/\/www.eittinger.de\/index.php\/wp-json\/wp\/v2\/pages\/297\/revisions"}],"predecessor-version":[{"id":2813,"href":"https:\/\/www.eittinger.de\/index.php\/wp-json\/wp\/v2\/pages\/297\/revisions\/2813"}],"wp:attachment":[{"href":"https:\/\/www.eittinger.de\/index.php\/wp-json\/wp\/v2\/media?parent=297"}],"curies":[{"name":"wp","href":"https:\/\/api.w.org\/{rel}","templated":true}]}}