{"id":604,"date":"2016-09-27T20:51:53","date_gmt":"2016-09-27T18:51:53","guid":{"rendered":"http:\/\/www.eittinger.com\/cms\/?page_id=604"},"modified":"2025-05-24T21:27:34","modified_gmt":"2025-05-24T19:27:34","slug":"altersfreigabe","status":"publish","type":"page","link":"https:\/\/www.eittinger.de\/","title":{"rendered":"Altersfreigabe"},"content":{"rendered":"<h1 style=\"text-align: center;\">Gr\u00fc\u00df Gott!<\/h1>\n<h4 style=\"text-align: center;\">Sind Sie schon \u00fcber 16 Jahre?<\/h4>\n<p style=\"text-align: center;\"><a class=\"textbutton\" href=\"https:\/\/www.eittinger.de\/index.php\/home\/?fm=2\">ja<\/a> <a class=\"textbutton\" href=\"https:\/\/www.eittinger.de\/index.php\/home-kids\/?fm=1\">nein<\/a><\/p>\n<p style=\"text-align: center;\"><span style=\"font-size: 0.8em;\">Diese Website nutzt Cookies.<\/span><br \/>\n<span style=\"font-size: 0.8em;\"> Durch Absenden dieses Formulars akzeptieren Sie die Richtlinien zum Datenschutz.<\/span><br \/>\n<span style=\"font-size: 0.8em;\"> Weitere Informationen entnehmen Sie bitte\u00a0<a class=\"modalbox\" href=\"https:\/\/www.eittinger.de\/index.php\/haftungsausschluss\/\">hier<\/a>.<\/span><\/p>\n","protected":false},"excerpt":{"rendered":"<p>Gr\u00fc\u00df Gott! Sind Sie schon \u00fcber 16 Jahre? Diese Website nutzt Cookies. Durch Absenden dieses Formulars akzeptieren Sie die Richtlinien zum Datenschutz. Weitere Informationen entnehmen Sie bitte\u00a0hier.<\/p>\n","protected":false},"author":6,"featured_media":0,"parent":0,"menu_order":0,"comment_status":"closed","ping_status":"closed","template":"","meta":{"footnotes":""},"class_list":["post-604","page","type-page","status-publish","hentry","layout-standard"],"_links":{"self":[{"href":"https:\/\/www.eittinger.de\/index.php\/wp-json\/wp\/v2\/pages\/604","targetHints":{"allow":["GET"]}}],"collection":[{"href":"https:\/\/www.eittinger.de\/index.php\/wp-json\/wp\/v2\/pages"}],"about":[{"href":"https:\/\/www.eittinger.de\/index.php\/wp-json\/wp\/v2\/types\/page"}],"author":[{"embeddable":true,"href":"https:\/\/www.eittinger.de\/index.php\/wp-json\/wp\/v2\/users\/6"}],"replies":[{"embeddable":true,"href":"https:\/\/www.eittinger.de\/index.php\/wp-json\/wp\/v2\/comments?post=604"}],"version-history":[{"count":4,"href":"https:\/\/www.eittinger.de\/index.php\/wp-json\/wp\/v2\/pages\/604\/revisions"}],"predecessor-version":[{"id":623,"href":"https:\/\/www.eittinger.de\/index.php\/wp-json\/wp\/v2\/pages\/604\/revisions\/623"}],"wp:attachment":[{"href":"https:\/\/www.eittinger.de\/index.php\/wp-json\/wp\/v2\/media?parent=604"}],"curies":[{"name":"wp","href":"https:\/\/api.w.org\/{rel}","templated":true}]}}